e the greatest common factor of 18 and 74514177.
9
Calculate the highest common factor of 14707465 and 1380.
115
Calculate the highest common divisor of 1273806150 and 103.
103
What is the highest common factor of 1818 and 5204016?
18
What is the greatest common factor of 345 and 3622155?
345
What is the greatest common divisor of 252 and 237576276?
252
Calculate the greatest common factor of 312 and 81689556.
156
Calculate the greatest common divisor of 2081196 and 5148.
468
Calculate the highest common divisor of 93 and 1084937783.
31
Calculate the highest common factor of 143694663 and 2241.
249
Calculate the greatest common divisor of 7857172 and 1110.
74
What is the highest common factor of 30445 and 6380?
5
What is the greatest common factor of 156796 and 5924?
4
What is the highest common divisor of 2119338711 and 8449?
8449
Calculate the highest common factor of 33707572 and 24.
4
Calculate the highest common factor of 1185666 and 68766.
438
What is the highest common divisor of 16154704 and 96?
16
What is the greatest common divisor of 121744419 and 19?
19
Calculate the highest common factor of 839 and 692161576.
839
Calculate the greatest common factor of 30074 and 29777.
11
Calculate the highest common factor of 28167 and 4061544.
687
What is the highest common factor of 680680 and 259688?
1144
Calculate the greatest common divisor of 78 and 27636.
6
What is the highest common divisor of 147 and 62238603?
21
What is the greatest common divisor of 204112 and 112?
16
Calculate the highest common divisor of 25360 and 129040.
80
What is the greatest common divisor of 39 and 8452132?
13
What is the highest common divisor of 204522 and 534?
534
Calculate the highest common divisor of 4093853 and 11.
1
What is the highest common factor of 241 and 46210063?
241
What is the highest common divisor of 1126976 and 188?
4
What is the greatest common factor of 659130048 and 72?
72
What is the greatest common divisor of 1251000 and 6120?
360
Calculate the greatest common factor of 9745 and 191877101.
1949
Calculate the highest common factor of 123857955 and 150.
15
Calculate the highest common divisor of 55 and 690565.
5
Calculate the highest common factor of 1743478 and 162239.
473
Calculate the highest common factor of 420 and 101895220.
140
What is the greatest common divisor of 831918 and 2118?
6
What is the highest common divisor of 4188351 and 2183?
59
What is the highest common factor of 16798 and 756137?
227
Calculate the highest common factor of 1359 and 17748389.
151
What is the greatest common factor of 1925 and 5213425?
175
What is the highest common divisor of 829580 and 1865?
5
What is the highest common divisor of 20 and 11763900?
20
Calculate the highest common divisor of 3385438 and 56.
14
Calculate the highest common divisor of 10620 and 10854.
18
Calculate the greatest common factor of 675 and 311580150.
75
Calculate the highest common factor of 2671827060 and 420.
420
Calculate the highest common factor of 192 and 157881408.
192
Calculate the greatest common divisor of 28 and 4368924.
28
What is the greatest common divisor of 266393 and 2003354?
983
What is the highest common divisor of 39 and 491932779?
39
Calculate the greatest common factor of 310400 and 33400.
200
What is the greatest common factor of 13107 and 96339?
51
What is the greatest common factor of 120423 and 14943?
879
Calculate the greatest common divisor of 10933642 and 1538.
1538
What is the highest common factor of 19640 and 635200?
40
What is the greatest common divisor of 25473123 and 7115?
1423
Calculate the highest common divisor of 242501962 and 61.
61
Calculate the greatest common factor of 306 and 51320637.
153
Calculate the highest common divisor of 1120 and 7578263.
7
What is the highest common divisor of 304730 and 2542?
62
What is the greatest common factor of 127316 and 7966?
14
Calculate the greatest common factor of 24 and 47900208.
24
What is the greatest common divisor of 10788 and 4356?
12
Calculate the highest common factor of 2338976 and 16.
16
Calculate the greatest common divisor of 342 and 516834960.
114
What is the highest common divisor of 27125 and 57365?
35
What is the highest common factor of 672586 and 296?
74
What is the highest common divisor of 12033 and 9991401?
4011
Calculate the highest common factor of 1325 and 6069454.
53
What is the highest common factor of 1174110 and 960?
30
What is the highest common divisor of 44292 and 3598?
2
What is the highest common factor of 4292 and 1285750?
74
Calculate the highest common factor of 75297 and 8698785.
3963
Calculate the highest common divisor of 218928 and 13434.
6
What is the greatest common factor of 1775 and 384607?
71
What is the greatest common factor of 5370 and 868150?
1790
Calculate the greatest common factor of 226994669 and 44.
11
Calculate the greatest common factor of 3282 and 36018309.
1641
What is the highest common factor of 33580 and 2405317?
23
Calculate the greatest common factor of 5011332 and 94308.
3252
What is the greatest common divisor of 486 and 189731160?
162
Calculate the greatest common factor of 7266552 and 3216.
1608
Calculate the greatest common factor of 1185500 and 62.
2
What is the greatest common divisor of 320233492 and 1094?
1094
What is the greatest common divisor of 6146564 and 4?
4
Calculate the highest common factor of 4070 and 354596.
22
Calculate the highest common divisor of 92080 and 515.
5
Calculate the highest common divisor of 6054 and 392779484.
2018
Calculate the greatest common divisor of 10564 and 248449434.
5282
Calculate the greatest common divisor of 205004 and 260972.
212
Calculate the greatest common factor of 149475692 and 8980.
1796
Calculate the greatest common divisor of 180 and 1003940.
20
Calculate the greatest common divisor of 70500 and 552000.
1500
Calculate the highest common divisor of 45408 and 3916.
44
Calculate the greatest common factor of 7524 and 12352356.
684
Calculate the greatest common divisor of 9687 and 28134277.
3229
Calculate the greatest common divisor of 24768 and 23872.
64
What is the highest common factor of 1017 and 56728599?
339
Calculate the highest common divisor of 104160 and 28440.
120
Calculate the highest common divisor of 90988 and 43.
43
What is the greatest common divisor of 14795724 and 438?
6
What is the highest common divisor of 258226 and 46?
2
Calculate the highest common divisor of 23089469 and 312.
13
What is the highest common divisor of 615 and 2864219?
41
Calculate the highest common factor of 7098 and 10421502.
546
Calculate the highest common divisor of 400400 and 2660.
140
What is the greatest common factor of 317793 and 1412277?
1227
Calculate the greatest common factor of 511856 and 256.
16
What is the greatest common factor of 4213 and 5395321?
383
What is the highest common factor of 57917664 and 1176?
168
Calculate the greatest common factor of 162 and 3497916.
6
Calculate the highest common factor of 6613 and 3132228.
389
What is the highest common factor of 240 and 28946160?
240
What is the greatest common divisor of 4113356 and 2236?
52
What is the highest common factor of 294 and 10455648?
42
What is the greatest common divisor of 3992 and 3731480?
8
Calculate the greatest common divisor of 108620404 and 64669.
5879
What is the highest common divisor of 428512878 and 18?
18
What is the highest common divisor of 220 and 165785015?
55
Calculate the highest common divisor of 3380 and 2534038.
26
What is the highest common factor of 199816214 and 2314?
2314
Calculate the greatest common divisor of 2527976 and 5819.
253
Calculate the highest common factor of 88 and 14182.
2
What is the highest common factor of 31892 and 79748224?
4556
Calculate the highest common factor of 500422504 and 6064.
3032
Calculate the greatest common factor of 251248 and 85772.
164
What is the highest common factor of 19 and 1138817364?
19
What is the greatest common factor of 9216 and 53747328?
384
What is the highest common factor of 354948 and 37059?
33
What is the greatest common divisor of 30453 and 534?
3
What is the highest common divisor of 2032737 and 18144?
21
What is the highest common factor of 43942876 and 8?
4
Calculate the greatest common divisor of 337308946 and 1924.
9